{"id":203,"date":"2024-07-23T22:18:38","date_gmt":"2024-07-23T20:18:38","guid":{"rendered":"https:\/\/steeler4x4.com\/conf9595igurator\/?post_type=product&#038;p=203"},"modified":"2026-02-18T16:15:16","modified_gmt":"2026-02-18T15:15:16","slug":"laweta-proace-max-l4","status":"publish","type":"product","link":"https:\/\/steeler4x4.com\/konfigurator\/produkt\/laweta-proace-max-l4\/","title":{"rendered":"Laweta &#8211; ProAce Max L4"},"content":{"rendered":"<p>&#8211; \u0142adowno\u015b\u0107 zale\u017cna od pojazdu bazowego (mo\u017ce wynosi\u0107 od 950 do 1200 kg w zale\u017cno\u015bci od wybranych akcesori\u00f3w)<br \/>\n&#8211; uprzywilejowanie, wyci\u0105garka, poduszki pneumatyczne tylnej osi, o\u015bwietlenie robocze jako dodatkowe opcje zabudowy\u200b<br \/>\n&#8211; konstrukcja wykonana z aluminium o podwy\u017cszonej wytrzyma\u0142o\u015bci (d\u0142ugo\u015b\u0107 5000 x 21000), tolerancja ok. 2%<br \/>\n&#8211; homologacja II etapu, dopuszczenie jednostkowe\u200b<br \/>\n&#8211; cz\u0119\u015b\u0107 jezdna z paneli wytrzyma\u0142o\u015bciowych z otworami owalnymi LOHR<br \/>\n&#8211; trapy wjazdowe aluminiowe, antypo\u015blizgowy ryfel (szeroko\u015b\u0107 390 mm, d\u0142ugo\u015b\u0107 2500 mm montowane w szufladach, tolerancja ok 2%<br \/>\n&#8211; miejsce przygotowane do zamontowania \u0142o\u017ca wyci\u0105garki<br \/>\n&#8211; reling aluminiowy przedni po obrysie kabiny<br \/>\n&#8211; hak holowniczy z wi\u0105zk\u0105 13 PIN w standardzie<br \/>\n&#8211; b\u0142otniki z chlapaczami &#8211; 2 sztuki<br \/>\n&#8211; kula z przodu do transportu przyczep<br \/>\n&#8211; o\u015bwietlenie dodatkowe: LAZER TRIPLE-R 1000 Elite drugiej generacji<br \/>\n&#8211; wyci\u0105garki na linach stalowych: WARN VR EVO 10 (o uci\u0105gu 4536 kg) lub WARN VR EVO 12 (o uci\u0105gu 5443 kg)<\/p>\n<p><strong>Instalacja elektryczna:<\/strong><\/p>\n<p>&#8211; zamontowanie i pod\u0142\u0105czenie lamp tylnych z podwozia<br \/>\n&#8211; o\u015bwietlenie pozycyjne boczne pomara\u0144czowe LED &#8211; 6 sztuk<\/p>\n<p><strong>LAZER TRIPLE-R 1000 ELITE:<br \/>\n<\/strong><\/p>\n<p>&#8211; zwi\u0119kszone nat\u0119\u017cenie \u015bwiat\u0142a (wi\u0119ksza ilo\u015b\u0107 lumen\u00f3w) oraz znacznie wi\u0119kszy zasi\u0119g i pole \u015bwietlne<br \/>\n&#8211; technologia E-Mark umo\u017cliwiaj\u0105ca korzystanie z lamp na drogach krajowych (Certyfikat ECE)<br \/>\n&#8211; wszechstronny system mocowania centralnego \u201ecenter mount\u201d oraz dodatkowa funkcjonalno\u015b\u0107 umo\u017cliwiaj\u0105ca monta\u017c boczny (mocowania sprzedawane oddzielnie)<br \/>\n&#8211; optymalizacja termiczna lampy udoskonalona z wykorzystaniem projektowania wspomaganego komputerowo (CAE)<br \/>\n&#8211; anodowane wyko\u0144czenie lampy z wykorzystaniem malowania proszkowego w klasie jako\u015bci na poziomie producent\u00f3w aut, zapewniaj\u0105 doskona\u0142\u0105 ochron\u0119 przed korozj\u0105 i chemikaliami<br \/>\n&#8211; ta sama cena za nowsz\u0105 i lepsz\u0105 wersj\u0119 lamp jako\u015bci premium<br \/>\n&#8211; \u201eniezniszczalne\u201d i utwardzane soczewki z poliw\u0119glanu<br \/>\n&#8211; 5 lat gwarancji producenta<br \/>\n&#8211; zaprojektowane i wyprodukowane w Wielkiej Brytanii<\/p>\n<p><strong>WYCI\u0104GARKA WARN VR EVO 10:<\/strong><\/p>\n<table>\n<tbody>\n<tr>\n<td><strong>Model<\/strong><\/td>\n<td>VR EVO 10<\/td>\n<\/tr>\n<tr>\n<td><strong>Silnik<\/strong><\/td>\n<td>12V DC, szeregowy (series wound)<\/td>\n<\/tr>\n<tr>\n<td><strong>Maksymalny uci\u0105g<\/strong><\/td>\n<td>4536 kg<\/td>\n<\/tr>\n<tr>\n<td><strong>Sterowanie<\/strong><\/td>\n<td>pilot zdalnego sterowania, pod\u0142\u0105czanie 2 w 1 &#8211; mo\u017cliwo\u015b\u0107 sterowania bezprzewodowo lub na kablu 3,5 m (11,5&#8242;)<\/td>\n<\/tr>\n<tr>\n<td><strong>Prze\u0142o\u017cenie<\/strong><\/td>\n<td>218:1<\/td>\n<\/tr>\n<tr>\n<td><strong>Przek\u0142adnia<\/strong><\/td>\n<td>3-stopniowa, planetarna<\/td>\n<\/tr>\n<tr>\n<td><strong>Sprz\u0119g\u0142o<\/strong><\/td>\n<td>z obrotowym pier\u015bcieniem (swobodne nawijanie)<\/td>\n<\/tr>\n<tr>\n<td><strong>Prowadnica<\/strong><\/td>\n<td>rolkowa<\/td>\n<\/tr>\n<tr>\n<td><strong>Hamulec<\/strong><\/td>\n<td>automatyczny<\/td>\n<\/tr>\n<tr>\n<td><strong>Wymiary b\u0119bna<\/strong><\/td>\n<td>d\u0142ugo\u015b\u0107 23 cm, \u015brednica\u00a06,73 cm<\/td>\n<\/tr>\n<tr>\n<td><strong>Lina<\/strong><\/td>\n<td>stalowa &#8211; d\u0142ugo\u015b\u0107 27,4 m, \u015brednica 9 mm<\/td>\n<\/tr>\n<tr>\n<td><strong>Zalecany akumulator<\/strong><\/td>\n<td>650 CCA (minimum)<\/td>\n<\/tr>\n<tr>\n<td><strong>Wyko\u0144czenie<\/strong><\/td>\n<td>podk\u0142ad z malowaniem proszkowym<\/td>\n<\/tr>\n<tr>\n<td><strong>Waga<\/strong><\/td>\n<td>41,7 kg<\/td>\n<\/tr>\n<tr>\n<td><strong>Szczelno\u015b\u0107<\/strong><\/td>\n<td>IP68<\/td>\n<\/tr>\n<tr>\n<td><strong>Gwarancja<\/strong><\/td>\n<td>do\u017cywotnia &#8211; ograniczona &#8211; na elementy mechaniczne, oraz 7 letnia &#8211; na elementy elektryczne<\/td>\n<\/tr>\n<\/tbody>\n<\/table>\n<p><strong>WYCI\u0104GARKA WARN VR EVO 12:<\/strong><\/p>\n<table>\n<tbody>\n<tr>\n<td><strong>Model<\/strong><\/td>\n<td>VR EVO 12<\/td>\n<\/tr>\n<tr>\n<td><strong>Silnik<\/strong><\/td>\n<td>12V DC, szeregowy (series wound)<\/td>\n<\/tr>\n<tr>\n<td><strong>Maksymalny uci\u0105g<\/strong><\/td>\n<td>5443 kg<\/td>\n<\/tr>\n<tr>\n<td><strong>Sterowanie<\/strong><\/td>\n<td>pilot zdalnego sterowania, pod\u0142\u0105czanie 2 w 1 &#8211; mo\u017cliwo\u015b\u0107 sterowania bezprzewodowo lub na kablu 3,5 m (11,5&#8242;)<\/td>\n<\/tr>\n<tr>\n<td><strong>Prze\u0142o\u017cenie<\/strong><\/td>\n<td>234:1<\/td>\n<\/tr>\n<tr>\n<td><strong>Przek\u0142adnia<\/strong><\/td>\n<td>3-stopniowa, planetarna<\/td>\n<\/tr>\n<tr>\n<td><strong>Sprz\u0119g\u0142o<\/strong><\/td>\n<td>z obrotowym pier\u015bcieniem (swobodne nawijanie)<\/td>\n<\/tr>\n<tr>\n<td><strong>Prowadnica<\/strong><\/td>\n<td>rolkowa<\/td>\n<\/tr>\n<tr>\n<td><strong>Hamulec<\/strong><\/td>\n<td>automatyczny<\/td>\n<\/tr>\n<tr>\n<td><strong>Wymiary b\u0119bna<\/strong><\/td>\n<td>d\u0142ugo\u015b\u0107 23 cm, \u015brednica\u00a06,73 cm<\/td>\n<\/tr>\n<tr>\n<td><strong>Lina<\/strong><\/td>\n<td>Stalowa &#8211; d\u0142ugo\u015b\u0107 25,9 m, \u015brednica 9,5 mm<\/td>\n<\/tr>\n<tr>\n<td><strong>Zalecany akumulator<\/strong><\/td>\n<td>650 CCA (minimum)<\/td>\n<\/tr>\n<tr>\n<td><strong>Wyko\u0144czenie<\/strong><\/td>\n<td>podk\u0142ad z malowaniem proszkowym<\/td>\n<\/tr>\n<tr>\n<td><strong>Waga<\/strong><\/td>\n<td>41,2 kg<\/td>\n<\/tr>\n<tr>\n<td><strong>Szczelno\u015b\u0107<\/strong><\/td>\n<td>IP68<\/td>\n<\/tr>\n<tr>\n<td><strong>Gwarancja<\/strong><\/td>\n<td>do\u017cywotnia &#8211; ograniczona &#8211; na elementy mechaniczne, oraz 7 letnia &#8211; na elementy elektryczne<\/td>\n<\/tr>\n<\/tbody>\n<\/table>\n<p>&nbsp;<\/p>\n","protected":false},"excerpt":{"rendered":"<p>&#8211; \u0142adowno\u015b\u0107 zale\u017cna od pojazdu bazowego (mo\u017ce wynosi\u0107 od 950 do 1200 kg w zale\u017cno\u015bci od wybranych akcesori\u00f3w) &#8211; uprzywilejowanie, wyci\u0105garka, poduszki pneumatyczne tylnej osi, o\u015bwietlenie robocze jako dodatkowe opcje zabudowy\u200b &#8211; konstrukcja wykonana z aluminium o podwy\u017cszonej wytrzyma\u0142o\u015bci (d\u0142ugo\u015b\u0107 5000 x 21000), tolerancja ok. 2% &#8211; homologacja II etapu, dopuszczenie jednostkowe\u200b &#8211; cz\u0119\u015b\u0107 jezdna z paneli wytrzyma\u0142o\u015bciowych z otworami owalnymi LOHR &#8211; trapy wjazdowe aluminiowe, antypo\u015blizgowy ryfel (szeroko\u015b\u0107 390 mm, d\u0142ugo\u015b\u0107 2500 mm montowane w szufladach, tolerancja ok 2% &#8211; miejsce przygotowane do zamontowania \u0142o\u017ca wyci\u0105garki &#8211; reling aluminiowy przedni po obrysie kabiny &#8211; hak holowniczy z wi\u0105zk\u0105 13 PIN w standardzie &#8211; b\u0142otniki z chlapaczami &#8211; 2 sztuki &#8211; kula z przodu do transportu przyczep &#8211; o\u015bwietlenie dodatkowe: LAZER TRIPLE-R 1000 Elite drugiej generacji &#8211; wyci\u0105garki na linach stalowych: WARN VR EVO 10 (o uci\u0105gu 4536 kg) lub WARN VR EVO 12 (o uci\u0105gu 5443 kg) Instalacja elektryczna:&hellip;<\/p>\n<p> <a class=\"more-link\" href=\"https:\/\/steeler4x4.com\/konfigurator\/produkt\/laweta-proace-max-l4\/\">Dowiedz si\u0119 wi\u0119cej<\/a><\/p>\n","protected":false},"featured_media":54,"template":"","meta":[],"product_cat":[26],"product_tag":[],"class_list":{"0":"post-203","1":"product","2":"type-product","3":"status-publish","4":"has-post-thumbnail","6":"product_cat-laweta","8":"first","9":"instock","10":"sold-individually","11":"taxable","12":"shipping-taxable","13":"product-type-simple"},"_links":{"self":[{"href":"https:\/\/steeler4x4.com\/konfigurator\/wp-json\/wp\/v2\/product\/203","targetHints":{"allow":["GET"]}}],"collection":[{"href":"https:\/\/steeler4x4.com\/konfigurator\/wp-json\/wp\/v2\/product"}],"about":[{"href":"https:\/\/steeler4x4.com\/konfigurator\/wp-json\/wp\/v2\/types\/product"}],"wp:featuredmedia":[{"embeddable":true,"href":"https:\/\/steeler4x4.com\/konfigurator\/wp-json\/wp\/v2\/media\/54"}],"wp:attachment":[{"href":"https:\/\/steeler4x4.com\/konfigurator\/wp-json\/wp\/v2\/media?parent=203"}],"wp:term":[{"taxonomy":"product_cat","embeddable":true,"href":"https:\/\/steeler4x4.com\/konfigurator\/wp-json\/wp\/v2\/product_cat?post=203"},{"taxonomy":"product_tag","embeddable":true,"href":"https:\/\/steeler4x4.com\/konfigurator\/wp-json\/wp\/v2\/product_tag?post=203"}],"curies":[{"name":"wp","href":"https:\/\/api.w.org\/{rel}","templated":true}]}}