{"id":198,"date":"2024-07-23T22:18:35","date_gmt":"2024-07-23T20:18:35","guid":{"rendered":"https:\/\/steeler4x4.com\/conf9595igurator\/?post_type=product&#038;p=198"},"modified":"2026-02-02T09:26:17","modified_gmt":"2026-02-02T08:26:17","slug":"skrzynia-otwarta-proace-max-l3","status":"publish","type":"product","link":"https:\/\/steeler4x4.com\/konfigurator\/produkt\/skrzynia-otwarta-proace-max-l3\/","title":{"rendered":"Skrzynia otwarta \u2013 ProAce Max L3"},"content":{"rendered":"<p>&#8211; wymiary wewn\u0119trzne (d\u0142ugo\u015b\u0107 x szeroko\u015b\u0107): 3600 x 2100, 4200 x 2100, 4800 x 2100<br \/>\n&#8211; burty aluminiowe o wysoko\u015bci 400 mm, zamkni\u0119cia pionowe (w przypadku zabudowy d\u0142u\u017cszej ni\u017c 4200 burty s\u0105 dzielone)<br \/>\n&#8211; pod\u0142oga ze sklejki antypo\u015blizgowej o grubo\u015bci 15 mm, wodoodporna<br \/>\n&#8211; rama po\u015brednia aluminiowa<br \/>\n&#8211; stopie\u0144 wej\u015bciowy sk\u0142adany, zamontowany na tylnej burcie<br \/>\n&#8211; nadkola plastikowe z fartuchami<br \/>\n&#8211; przed\u0142u\u017cenie tylnej belki \u015bwiate\u0142 (je\u015bli jest to koniecznie), stalowe, lakierowane w kod koloru podwozia<\/p>\n","protected":false},"excerpt":{"rendered":"<p>&#8211; wymiary wewn\u0119trzne (d\u0142ugo\u015b\u0107 x szeroko\u015b\u0107): 3600 x 2100, 4200 x 2100, 4800 x 2100 &#8211; burty aluminiowe o wysoko\u015bci 400 mm, zamkni\u0119cia pionowe (w przypadku zabudowy d\u0142u\u017cszej ni\u017c 4200 burty s\u0105 dzielone) &#8211; pod\u0142oga ze sklejki antypo\u015blizgowej o grubo\u015bci 15 mm, wodoodporna &#8211; rama po\u015brednia aluminiowa &#8211; stopie\u0144 wej\u015bciowy sk\u0142adany, zamontowany na tylnej burcie &#8211; nadkola plastikowe z fartuchami &#8211; przed\u0142u\u017cenie tylnej belki \u015bwiate\u0142 (je\u015bli jest to koniecznie), stalowe, lakierowane w kod koloru podwozia<\/p>\n","protected":false},"featured_media":56,"template":"","meta":[],"product_cat":[22],"product_tag":[],"class_list":{"0":"post-198","1":"product","2":"type-product","3":"status-publish","4":"has-post-thumbnail","6":"product_cat-skrzynia-otwarta","8":"first","9":"instock","10":"sold-individually","11":"taxable","12":"shipping-taxable","13":"product-type-simple"},"_links":{"self":[{"href":"https:\/\/steeler4x4.com\/konfigurator\/wp-json\/wp\/v2\/product\/198","targetHints":{"allow":["GET"]}}],"collection":[{"href":"https:\/\/steeler4x4.com\/konfigurator\/wp-json\/wp\/v2\/product"}],"about":[{"href":"https:\/\/steeler4x4.com\/konfigurator\/wp-json\/wp\/v2\/types\/product"}],"wp:featuredmedia":[{"embeddable":true,"href":"https:\/\/steeler4x4.com\/konfigurator\/wp-json\/wp\/v2\/media\/56"}],"wp:attachment":[{"href":"https:\/\/steeler4x4.com\/konfigurator\/wp-json\/wp\/v2\/media?parent=198"}],"wp:term":[{"taxonomy":"product_cat","embeddable":true,"href":"https:\/\/steeler4x4.com\/konfigurator\/wp-json\/wp\/v2\/product_cat?post=198"},{"taxonomy":"product_tag","embeddable":true,"href":"https:\/\/steeler4x4.com\/konfigurator\/wp-json\/wp\/v2\/product_tag?post=198"}],"curies":[{"name":"wp","href":"https:\/\/api.w.org\/{rel}","templated":true}]}}