{"id":113,"date":"2024-07-23T22:18:25","date_gmt":"2024-07-23T20:18:25","guid":{"rendered":"https:\/\/steeler4x4.com\/conf9595igurator\/?post_type=product&#038;p=113"},"modified":"2024-08-19T14:57:52","modified_gmt":"2024-08-19T12:57:52","slug":"pojazdy-dla-niepelnosprawnych-proace-city-standard","status":"publish","type":"product","link":"https:\/\/steeler4x4.com\/konfigurator\/produkt\/pojazdy-dla-niepelnosprawnych-proace-city-standard\/","title":{"rendered":"Pojazdy dla niepe\u0142nosprawnych &#8211; ProAce City Standard"},"content":{"rendered":"<p>&#8211; rampa manualnie sk\u0142adana z si\u0142ownikiem wspomagaj\u0105cym<br \/>\n&#8211; tylna pod\u0142oga baga\u017cnika obni\u017cona pozwalaj\u0105ca na wprowadzenie w\u00f3zka inwalidzkiego \u2013 wysoko\u015b\u0107 w od pod\u0142ogi do rantu przy tylnej klapie to 137 cm<br \/>\n&#8211; 4 punktowy system mocowania w\u00f3zka inwalidzkiego<br \/>\n&#8211; 3 punktowy pas bezpiecze\u0144stwa dla osoby na w\u00f3zku inwalidzkim<br \/>\n&#8211; szeroko\u015b\u0107 wewn\u0119trzna rampy za\u0142adunkowej 75,5 cm<br \/>\n&#8211; szeroko\u015b\u0107 p\u0142yty wewn\u0119trznej dla w\u00f3zka inwalidzkiego 80 cm<br \/>\n&#8211; rampa o wytrzyma\u0142o\u015bci 350 kg<br \/>\n&#8211; wysoko\u015b\u0107 okna za\u0142adowczego: od pod\u0142ogi do rantu przy tylnej klapie to 137 cm<br \/>\n&#8211; drugi rz\u0105d siedze\u0144 zdemontowany i zast\u0105piony dwoma w\u0119\u017cszymi siedzeniami (szeroko\u015b\u0107 siedzenia oko\u0142o 39 cm)<br \/>\n&#8211; przerwa mi\u0119dzy dwoma fotelami w drugim rz\u0119dzie ok. 53 cm<br \/>\n&#8211; brak mo\u017cliwo\u015bci monta\u017cu haka holowniczego<br \/>\n&#8211; brak mo\u017cliwo\u015bci monta\u017cu ko\u0142a zapasowego<br \/>\n&#8211; \u015brodkowa cz\u0119\u015b\u0107 zderzaka zintegrowana na sta\u0142e z klap\u0105 tyln\u0105<br \/>\n&#8211; czas oczekiwania do ustalenia w firmie zabudowuj\u0105cej STEELER<br \/>\n&#8211; zabudowa montowana przed rejestracj\u0105 pojazdu (dopuszczenie jednostkowe)<br \/>\n&#8211; gwarancja 3 lata<\/p>\n","protected":false},"excerpt":{"rendered":"<p>&#8211; rampa manualnie sk\u0142adana z si\u0142ownikiem wspomagaj\u0105cym &#8211; tylna pod\u0142oga baga\u017cnika obni\u017cona pozwalaj\u0105ca na wprowadzenie w\u00f3zka inwalidzkiego \u2013 wysoko\u015b\u0107 w od pod\u0142ogi do rantu przy tylnej klapie to 137 cm &#8211; 4 punktowy system mocowania w\u00f3zka inwalidzkiego &#8211; 3 punktowy pas bezpiecze\u0144stwa dla osoby na w\u00f3zku inwalidzkim &#8211; szeroko\u015b\u0107 wewn\u0119trzna rampy za\u0142adunkowej 75,5 cm &#8211; szeroko\u015b\u0107 p\u0142yty wewn\u0119trznej dla w\u00f3zka inwalidzkiego 80 cm &#8211; rampa o wytrzyma\u0142o\u015bci 350 kg &#8211; wysoko\u015b\u0107 okna za\u0142adowczego: od pod\u0142ogi do rantu przy tylnej klapie to 137 cm &#8211; drugi rz\u0105d siedze\u0144 zdemontowany i zast\u0105piony dwoma w\u0119\u017cszymi siedzeniami (szeroko\u015b\u0107 siedzenia oko\u0142o 39 cm) &#8211; przerwa mi\u0119dzy dwoma fotelami w drugim rz\u0119dzie ok. 53 cm &#8211; brak mo\u017cliwo\u015bci monta\u017cu haka holowniczego &#8211; brak mo\u017cliwo\u015bci monta\u017cu ko\u0142a zapasowego &#8211; \u015brodkowa cz\u0119\u015b\u0107 zderzaka zintegrowana na sta\u0142e z klap\u0105 tyln\u0105 &#8211; czas oczekiwania do ustalenia w firmie zabudowuj\u0105cej STEELER &#8211; zabudowa montowana przed rejestracj\u0105 pojazdu (dopuszczenie jednostkowe) &#8211; gwarancja&hellip;<\/p>\n<p> <a class=\"more-link\" href=\"https:\/\/steeler4x4.com\/konfigurator\/produkt\/pojazdy-dla-niepelnosprawnych-proace-city-standard\/\">Dowiedz si\u0119 wi\u0119cej<\/a><\/p>\n","protected":false},"featured_media":139,"template":"","meta":[],"product_cat":[25],"product_tag":[],"class_list":{"0":"post-113","1":"product","2":"type-product","3":"status-publish","4":"has-post-thumbnail","6":"product_cat-pojazdy-dla-niepelnosprawnych","8":"first","9":"instock","10":"sold-individually","11":"taxable","12":"shipping-taxable","13":"product-type-simple"},"_links":{"self":[{"href":"https:\/\/steeler4x4.com\/konfigurator\/wp-json\/wp\/v2\/product\/113","targetHints":{"allow":["GET"]}}],"collection":[{"href":"https:\/\/steeler4x4.com\/konfigurator\/wp-json\/wp\/v2\/product"}],"about":[{"href":"https:\/\/steeler4x4.com\/konfigurator\/wp-json\/wp\/v2\/types\/product"}],"wp:featuredmedia":[{"embeddable":true,"href":"https:\/\/steeler4x4.com\/konfigurator\/wp-json\/wp\/v2\/media\/139"}],"wp:attachment":[{"href":"https:\/\/steeler4x4.com\/konfigurator\/wp-json\/wp\/v2\/media?parent=113"}],"wp:term":[{"taxonomy":"product_cat","embeddable":true,"href":"https:\/\/steeler4x4.com\/konfigurator\/wp-json\/wp\/v2\/product_cat?post=113"},{"taxonomy":"product_tag","embeddable":true,"href":"https:\/\/steeler4x4.com\/konfigurator\/wp-json\/wp\/v2\/product_tag?post=113"}],"curies":[{"name":"wp","href":"https:\/\/api.w.org\/{rel}","templated":true}]}}